se 5 = 2*f - 7. Suppose f = -3*v + 4*v. Calculate the remainder when r(-1) is divided by v.
4
Suppose -38 = -2*m - 32. Suppose 3*x = -4*j + 24, -3*x + 21 = -j - m. What is the remainder when 38 is divided by x?
6
Let l(i) = i**3 + 8*i**2 - 7*i - 2. Let y be l(-8). What is the remainder when y/9 + (4 - 1) is divided by 5?
4
Suppose -3 = 5*m - 3*y - 4, -5*y + 9 = -3*m. Suppose 0*j = m*d - 5*j - 86, -50 = -2*d - 4*j. Calculate the remainder when 64 is divided by d.
31
Let v(r) = 2*r + 1. Let n be v(-2). Let b = 39 + n. Let m(d) = -19*d - 95. What is the remainder when b is divided by m(-6)?
17
Let o(a) = -a**3 - 28*a**2 + 30*a + 45. What is the remainder when 345 is divided by o(-29)?
9
Let h(s) = 2*s - 3. Let t be h(3). Suppose 24 = -c + 3*w, -c + 4*c - t*w = -42. Let i = c - -16. Calculate the remainder when i is divided by 2.
1
Let s(d) = -2*d + 24. Let m(k) = -1. Let j(y) = 2*m(y) + s(y). Calculate the remainder when 31 is divided by j(7).
7
Suppose -t + 35 + 20 = 0. Let x be (9/2 + -2)*2. Suppose -30 = -r - 2*j + j, x*j = -3*r + 94. Calculate the remainder when t is divided by r.
27
What is the remainder when 227 is divided by (-16)/120 + -1*10362/(-90)?
112
Let k(w) = 5*w**2 - 18*w - 54. Calculate the remainder when k(6) is divided by 13.
5
Let x = 165 + 89. Calculate the remainder when x is divided by 43.
39
Let b(m) be the second derivative of m**5/20 - 4*m**4/3 + 8*m**3/3 - 2*m**2 + 5*m. What is the remainder when 20 is divided by b(15)?
9
Suppose -4*a = -2*y - 32, -5*a + 2*a + 5*y = -17. Suppose 0 = 4*l - 0*l. Let d = 25 + l. Calculate the remainder when d is divided by a.
7
Suppose -173*u + 183*u - 200 = 0. Let j(t) = -37*t. Calculate the remainder when j(-1) is divided by u.
17
Let r(c) = -c**2 + 14*c - 21. Let x(t) = 105*t**3 + t. What is the remainder when x(1) is divided by r(6)?
25
Let m(j) = -54*j - 462. Calculate the remainder when m(-13) is divided by 121.
119
Let j = -54 - -59. Suppose 23 = j*t - q, 4*q - 3*q - 2 = 0. What is the remainder when 19 is divided by t?
4
Let g = -34 + 81. Suppose 30*n - 28*n + 3*r - 290 = 0, -5*r = -20. Calculate the remainder when n is divided by g.
45
Let u = 13 + -14. Let s be u/((-1)/(-1 - -3)). Suppose s*r - 133 = -5*r. Calculate the remainder when 37 is divided by r.
18
Suppose 19*a + 225 = 24*a. Calculate the remainder when 178 is divided by a.
43
Let x be 0*((-188)/(-48) - 4)*-3. Suppose x*c - 3*c + 3*p = -180, c - 68 = 5*p. Calculate the remainder when c is divided by 30.
28
Let i = -6 + 20. Suppose -n = -2*d + i, 3*n + 2*n + 45 = 5*d. What is the remainder when 58 is divided by (-148)/(-5) + n/(-10)?
28
Suppose -5 = -2*j + 9. Suppose j*w = 346 - 101. What is the remainder when 68 is divided by w?
33
Suppose -3*n - 2*n + 1800 = 0. Let d = n - 206. What is the remainder when d is divided by 39?
37
Let v = 182 - 150. Let w = v + -12. What is the remainder when w is divided by 8?
4
Let t = 91 - 64. Suppose 5*g - t = 2*g. Let k = -32 - -56. What is the remainder when k is divided by g?
6
Let l(f) = f**3 + 6*f**2 - 39*f + 18. Calculate the remainder when 28 is divided by l(-10).
4
Let n(h) = 2*h + 8. Suppose -4 = 5*y - 4*y. Let w be n(y). Suppose 3*f + 3 - 11 = -4*k, 4*k + 16 = w. Calculate the remainder when 29 is divided by f.
5
Suppose -2*a + 74 = -0*a. Suppose -y - 436 = -4*i, 2*i - 5*y - 200 = -0*i. What is the remainder when i is divided by a?
36
Let h = 24 + -7. Calculate the remainder when 3/(-3*(-9)/756) is divided by h.
16
Let f(z) = 2*z**2 - 6*z + 5. Let g be 3*(0 - 6/(-3 + 6)). What is the remainder when f(4) is divided by (-456)/(-72) - (-8)/g?
3
Let g = -386 + 506. Let j(i) = -i + 21. What is the remainder when g is divided by j(10)?
10
Let d(w) = 5*w + 14. Let y be d(4). Suppose -33*g = -y*g + 40. What is the remainder when g is divided by 11?
7
Suppose -m + k = -2*m + 6, -2*m + 4*k + 30 = 0. Let l = m - 11. Let q(r) = 4*r**2 + 6*r + 2. What is the remainder when q(l) is divided by 4?
2
Let x(d) = d**3 - 2*d**2 - 7*d + 5. Let c be 15/(-5) + (2 - -3). Suppose a - 4 - 3 = c*v, 0 = -3*a - 2*v + 13. What is the remainder when x(a) is divided by 23?
22
Let p(a) = -a**3 - 3*a**2 + 6*a + 4. Let d be p(-4). Calculate the remainder when 18 is divided by ((-22)/(-2) + d*1)/1.
4
Let t = -131 - -192. Let o be (-14)/((-5)/(-7) + -1). Suppose 0 = -4*w + o + 15. Calculate the remainder when t is divided by w.
13
Suppose -24*f = -8*f - 1872. Calculate the remainder when f is divided by 15.
12
Let d(g) = g**3 - 5*g**2 + 3*g + 19. Let u(y) = 10*y**2 + 2*y + 1. What is the remainder when d(5) is divided by u(-1)?
7
What is the remainder when 26/(-39)*16146/(-12) is divided by 6?
3
Suppose -o - 12 = 2*o. Let b be -14*(-2)/(16/12). Let w = b + o. What is the remainder when 49 is divided by w?
15
Suppose s - 2*s = -30. Suppose 4*o - 134 = -s. What is the remainder when o is divided by 9?
8
Calculate the remainder when 104/65*6990/24 is divided by 36.
34
Let g be 3 + (1 + 0)/(-1). Let k = 111 - 66. Calculate the remainder when k is divided by (g - -7) + 3/1.
9
Let f = 194 - 68. What is the remainder when f is divided by 65?
61
Let q(b) = b**3 + 7*b**2 - 17*b + 21. What is the remainder when 51 is divided by q(-9)?
3
Suppose 16 = 3*m - 4*z, 4*m + 4*z + 13 + 3 = 0. Suppose -2*w + m*w = t - 59, 5*t - 295 = 2*w. What is the remainder when t is divided by 10?
9
Calculate the remainder when 472 is divided by -2 - -6 - 5/(10/(-78)).
42
Let m be -2 + (10 - 4) + 5. What is the remainder when 68 is divided by (-46)/1*m/(-18)?
22
Let j = -725 - -757. Calculate the remainder when j is divided by 12.
8
Let r(g) = g**2 - 6*g - 1. Calculate the remainder when 129 is divided by r(7).
3
Calculate the remainder when (-4)/(-6) - 62/(-6) is divided by (-380)/(-1520) + ((-15)/(-4) - -2).
5
Let a(d) = -4 + 2*d + 4 + 3 + d**2 - 2*d**2. Calculate the remainder when 14 is divided by a(0).
2
Let i(h) = -10*h + 69. Let j be (-4)/2 - (-16)/4. Suppose 4*b - j = 218. Calculate the remainder when b is divided by i(5).
17
Suppose 0 = -2*u + 85 + 91. Let d(k) = k**2 - 32*k + 263. What is the remainder when u is divided by d(12)?
19
Let k(p) = -6*p - 3. Let v be k(9). Let t = v + 70. Calculate the remainder when t is divided by 5.
3
Suppose -4*t = -5*a, -4*t - 4*a - 7 = 29. Let m = 16 + t. What is the remainder when 39 is divided by m?
6
Let p(g) = g**3 + 7*g**2 + 2*g + 21. Let t(u) = 10*u + 93. Let s be t(-10). Let z = -27 - -48. What is the remainder when z is divided by p(s)?
0
Let i(y) = y**3 - 15*y**2 + 14*y + 15. Suppose 2*o - 5*l = 31 - 8, 2*l - 44 = -3*o. What is the remainder when 58 is divided by i(o)?
13
Suppose 0*r = 3*u + 4*r - 133, -r = -2*u + 74. What is the remainder when u is divided by 36?
3
Let u = 87 - -98. Let n = 261 - u. Calculate the remainder when n is divided by 39.
37
Suppose 15*c = 13*c - 16. Let f(n) = n**2 + 7*n - 1. Calculate the remainder when 28/2 + 0 + -2 is divided by f(c).
5
Let c be (2/5)/(12/120). Let a(l) = 2*l**3 - 4*l**2 + 5*l + 2. What is the remainder when a(c) is divided by 22?
20
Suppose 4*m + 6*r - r - 13 = 0, -5*m + 3*r + 7 = 0. Let g be (6 - 5) + (-1)/(-1). Suppose z = g*z - 1. Calculate the remainder when m is divided by z.
0
Let t(r) = -414*r. Let d be t(-1). Suppose 11*c = -7*c + d. Calculate the remainder when c is divided by 13.
10
Suppose -18*d = -346 - 50. Calculate the remainder when 2550 is divided by d.
20
Let u = 391 - 317. What is the remainder when u is divided by 38?
36
Suppose -3*q = -2 - 7. Suppose q*l - v - 21 = 15, l - 26 = 5*v. Let h(x) = -x**2 + 11*x + 13. Calculate the remainder when 36 is divided by h(l).
10
Let z(y) = y + 7 + 11 - 14. What is the remainder when 31 is divided by z(4)?
7
Calculate the remainder when 36 is divided by (-4)/32*1 - 648/(-64).
6
Suppose 41 = 2*u + h, -5*u + 19 = -2*h - 61. Calculate the remainder when 51 is divided by u.
15
Suppose p = 3*t, 0 = 6*p - 9*p + 5*t + 4. Suppose -2*u = p*u + 10, -2*h = 4*u - 32. What is the remainder when 77 is divided by h?
17
Let y be ((-4)/3)/((-2)/114). Suppose 271 = 5*w + y. Calculate the remainder when w is divided by 21.
18
Let x(f) = f - 1. Let b be x(-2). Let p = b - -6. Calculate the remainder when 204/(-4)*(-2)/p is divided by 12.
10
Suppose -1222 - 545 = -57*r. What is the remainder when 34 is d